{"id":6988,"date":"2025-02-17T19:10:33","date_gmt":"2025-02-17T19:10:33","guid":{"rendered":"https:\/\/www.elcerro.com\/?page_id=6988"},"modified":"2025-02-17T19:13:28","modified_gmt":"2025-02-17T19:13:28","slug":"coloquio-cristo-crucificado","status":"publish","type":"page","link":"https:\/\/www.elcerro.com\/?page_id=6988","title":{"rendered":"Coloquio Cristo Crucificado"},"content":{"rendered":"\t\t<div data-elementor-type=\"wp-page\" data-elementor-id=\"6988\" class=\"elementor elementor-6988\" data-elementor-settings=\"[]\">\n\t\t\t\t\t\t<div class=\"elementor-inner\">\n\t\t\t\t\t\t\t<div class=\"elementor-section-wrap\">\n\t\t\t\t\t\t\t<section class=\"elementor-section elementor-top-section elementor-element elementor-element-e513173 elementor-section-boxed elementor-section-height-default elementor-section-height-default\" data-id=\"e513173\" data-element_type=\"section\">\n\t\t\t\t\t\t<div class=\"elementor-container elementor-column-gap-default\">\n\t\t\t\t\t\t\t<div class=\"elementor-row\">\n\t\t\t\t\t<div class=\"elementor-column elementor-col-100 elementor-top-column elementor-element elementor-element-6cc26d2\" data-id=\"6cc26d2\" data-element_type=\"column\">\n\t\t\t<div class=\"elementor-column-wrap elementor-element-populated\">\n\t\t\t\t\t\t\t<div class=\"elementor-widget-wrap\">\n\t\t\t\t\t\t<div class=\"elementor-element elementor-element-a1091d6 elementor-widget elementor-widget-wp-widget-maxmegamenu\" data-id=\"a1091d6\" data-element_type=\"widget\" data-widget_type=\"wp-widget-maxmegamenu.default\">\n\t\t\t\t<div class=\"elementor-widget-container\">\n\t\t\t<div id=\"mega-menu-wrap-max_mega_menu_1\" class=\"mega-menu-wrap\"><div class=\"mega-menu-toggle\"><div class=\"mega-toggle-blocks-left\"><\/div><div class=\"mega-toggle-blocks-center\"><\/div><div class=\"mega-toggle-blocks-right\"><div class='mega-toggle-block mega-menu-toggle-block mega-toggle-block-1' id='mega-toggle-block-1' tabindex='0'><span class='mega-toggle-label' role='button' aria-expanded='false'><span class='mega-toggle-label-closed'>MENU<\/span><span class='mega-toggle-label-open'>MENU<\/span><\/span><\/div><\/div><\/div><ul id=\"mega-menu-max_mega_menu_1\" class=\"mega-menu max-mega-menu mega-menu-horizontal mega-no-js\" data-event=\"click\" data-effect=\"slide\" data-effect-speed=\"200\" data-effect-mobile=\"disabled\" data-effect-speed-mobile=\"0\" data-mobile-force-width=\"false\" data-second-click=\"go\" data-document-click=\"collapse\" data-vertical-behaviour=\"standard\" data-breakpoint=\"600\" data-unbind=\"true\" data-mobile-state=\"collapse_all\" data-hover-intent-timeout=\"300\" data-hover-intent-interval=\"100\"><li class='mega-menu-item mega-menu-item-type-post_type mega-menu-item-object-page mega-menu-item-home mega-align-bottom-left mega-menu-flyout mega-menu-item-557' id='mega-menu-item-557'><a class=\"mega-menu-link\" href=\"https:\/\/www.elcerro.com\/\" tabindex=\"0\">Inicio<\/a><\/li><li class='mega-menu-item mega-menu-item-type-post_type mega-menu-item-object-page mega-menu-item-has-children mega-align-bottom-left mega-menu-flyout mega-disable-link mega-menu-item-556' id='mega-menu-item-556'><a class=\"mega-menu-link\" tabindex=\"0\" aria-haspopup=\"true\" aria-expanded=\"false\" role=\"button\">Hermandad<span class=\"mega-indicator\"><\/span><\/a>\n<ul class=\"mega-sub-menu\">\n<li class='mega-menu-item mega-menu-item-type-post_type mega-menu-item-object-page mega-menu-item-621' id='mega-menu-item-621'><a class=\"mega-menu-link\" href=\"https:\/\/www.elcerro.com\/?page_id=620\">Sede, Escudo y S\u00edmbolos<\/a><\/li><li class='mega-menu-item mega-menu-item-type-post_type mega-menu-item-object-page mega-menu-item-625' id='mega-menu-item-625'><a class=\"mega-menu-link\" href=\"https:\/\/www.elcerro.com\/?page_id=624\">Historia<\/a><\/li><li class='mega-menu-item mega-menu-item-type-post_type mega-menu-item-object-page mega-menu-item-630' id='mega-menu-item-630'><a class=\"mega-menu-link\" href=\"https:\/\/www.elcerro.com\/?page_id=629\">Reglas<\/a><\/li><li class='mega-menu-item mega-menu-item-type-post_type mega-menu-item-object-page mega-menu-item-has-children mega-menu-item-1371' id='mega-menu-item-1371'><a class=\"mega-menu-link\" href=\"https:\/\/www.elcerro.com\/?page_id=636\" aria-haspopup=\"true\" aria-expanded=\"false\">Hermano Mayor<span class=\"mega-indicator\"><\/span><\/a>\n\t<ul class=\"mega-sub-menu\">\n<li class='mega-menu-item mega-menu-item-type-post_type mega-menu-item-object-page mega-menu-item-1208' id='mega-menu-item-1208'><a class=\"mega-menu-link\" href=\"https:\/\/www.elcerro.com\/?page_id=1206\">Hermanos Mayores<\/a><\/li>\t<\/ul>\n<\/li><li class='mega-menu-item mega-menu-item-type-post_type mega-menu-item-object-page mega-menu-item-has-children mega-menu-item-979' id='mega-menu-item-979'><a class=\"mega-menu-link\" href=\"https:\/\/www.elcerro.com\/?page_id=642\" aria-haspopup=\"true\" aria-expanded=\"false\">Junta de Gobierno<span class=\"mega-indicator\"><\/span><\/a>\n\t<ul class=\"mega-sub-menu\">\n<li class='mega-menu-item mega-menu-item-type-post_type mega-menu-item-object-page mega-menu-item-6901' id='mega-menu-item-6901'><a class=\"mega-menu-link\" href=\"https:\/\/www.elcerro.com\/?page_id=6044\">Legislatura 2017 a 2022<\/a><\/li><li class='mega-menu-item mega-menu-item-type-post_type mega-menu-item-object-page mega-menu-item-5726' id='mega-menu-item-5726'><a class=\"mega-menu-link\" href=\"https:\/\/www.elcerro.com\/?page_id=5719\">Legislatura 2012 a 2017<\/a><\/li><li class='mega-menu-item mega-menu-item-type-post_type mega-menu-item-object-page mega-menu-item-5746' id='mega-menu-item-5746'><a class=\"mega-menu-link\" href=\"https:\/\/www.elcerro.com\/?page_id=5730\">Legislatura 2007 a 2012<\/a><\/li><li class='mega-menu-item mega-menu-item-type-post_type mega-menu-item-object-page mega-menu-item-5757' id='mega-menu-item-5757'><a class=\"mega-menu-link\" href=\"https:\/\/www.elcerro.com\/?page_id=5747\">Legislatura 2002 a 2007<\/a><\/li><li class='mega-menu-item mega-menu-item-type-post_type mega-menu-item-object-page mega-menu-item-5771' id='mega-menu-item-5771'><a class=\"mega-menu-link\" href=\"https:\/\/www.elcerro.com\/?page_id=5758\">Legislatura 1997 a 2002<\/a><\/li>\t<\/ul>\n<\/li><li class='mega-menu-item mega-menu-item-type-post_type mega-menu-item-object-page mega-menu-item-has-children mega-menu-item-646' id='mega-menu-item-646'><a class=\"mega-menu-link\" href=\"https:\/\/www.elcerro.com\/?page_id=645\" aria-haspopup=\"true\" aria-expanded=\"false\">Secretar\u00eda<span class=\"mega-indicator\"><\/span><\/a>\n\t<ul class=\"mega-sub-menu\">\n<li class='mega-menu-item mega-menu-item-type-post_type mega-menu-item-object-page mega-menu-item-1746' id='mega-menu-item-1746'><a class=\"mega-menu-link\" href=\"https:\/\/www.elcerro.com\/?page_id=1740\">Admisi\u00f3n de Hermanos<\/a><\/li>\t<\/ul>\n<\/li><li class='mega-menu-item mega-menu-item-type-post_type mega-menu-item-object-page mega-menu-item-has-children mega-menu-item-651' id='mega-menu-item-651'><a class=\"mega-menu-link\" href=\"https:\/\/www.elcerro.com\/?page_id=650\" aria-haspopup=\"true\" aria-expanded=\"false\">Mayordom\u00eda<span class=\"mega-indicator\"><\/span><\/a>\n\t<ul class=\"mega-sub-menu\">\n<li class='mega-menu-item mega-menu-item-type-post_type mega-menu-item-object-page mega-menu-item-2496' id='mega-menu-item-2496'><a class=\"mega-menu-link\" href=\"https:\/\/www.elcerro.com\/?page_id=2494\">C\u00edngulos y escudos<\/a><\/li><li class='mega-menu-item mega-menu-item-type-post_type mega-menu-item-object-page mega-menu-item-2695' id='mega-menu-item-2695'><a class=\"mega-menu-link\" href=\"https:\/\/www.elcerro.com\/?page_id=2693\">Domiciliaci\u00f3n de cuotas<\/a><\/li>\t<\/ul>\n<\/li><\/ul>\n<\/li><li class='mega-menu-item mega-menu-item-type-post_type mega-menu-item-object-page mega-menu-item-has-children mega-align-bottom-left mega-menu-flyout mega-disable-link mega-menu-item-674' id='mega-menu-item-674'><a class=\"mega-menu-link\" tabindex=\"0\" aria-haspopup=\"true\" aria-expanded=\"false\" role=\"button\">Fines<span class=\"mega-indicator\"><\/span><\/a>\n<ul class=\"mega-sub-menu\">\n<li class='mega-menu-item mega-menu-item-type-post_type mega-menu-item-object-page mega-menu-item-2250' id='mega-menu-item-2250'><a class=\"mega-menu-link\" href=\"https:\/\/www.elcerro.com\/?page_id=2248\">Naturaleza y Fines<\/a><\/li><li class='mega-menu-item mega-menu-item-type-post_type mega-menu-item-object-page mega-menu-item-has-children mega-menu-item-664' id='mega-menu-item-664'><a class=\"mega-menu-link\" href=\"https:\/\/www.elcerro.com\/?page_id=663\" aria-haspopup=\"true\" aria-expanded=\"false\">Cultos<span class=\"mega-indicator\"><\/span><\/a>\n\t<ul class=\"mega-sub-menu\">\n<li class='mega-menu-item mega-menu-item-type-post_type mega-menu-item-object-page mega-menu-item-1682' id='mega-menu-item-1682'><a class=\"mega-menu-link\" href=\"https:\/\/www.elcerro.com\/?page_id=1339\">Devocionario<\/a><\/li>\t<\/ul>\n<\/li><li class='mega-menu-item mega-menu-item-type-post_type mega-menu-item-object-page mega-menu-item-667' id='mega-menu-item-667'><a class=\"mega-menu-link\" href=\"https:\/\/www.elcerro.com\/?page_id=666\">Formaci\u00f3n Cristiana<\/a><\/li><li class='mega-menu-item mega-menu-item-type-post_type mega-menu-item-object-page mega-menu-item-has-children mega-menu-item-671' id='mega-menu-item-671'><a class=\"mega-menu-link\" href=\"https:\/\/www.elcerro.com\/?page_id=670\" aria-haspopup=\"true\" aria-expanded=\"false\">Caridad<span class=\"mega-indicator\"><\/span><\/a>\n\t<ul class=\"mega-sub-menu\">\n<li class='mega-menu-item mega-menu-item-type-post_type mega-menu-item-object-page mega-menu-item-993' id='mega-menu-item-993'><a class=\"mega-menu-link\" href=\"https:\/\/www.elcerro.com\/?page_id=972\">Defensa de la Vida<\/a><\/li>\t<\/ul>\n<\/li><\/ul>\n<\/li><li class='mega-menu-item mega-menu-item-type-post_type mega-menu-item-object-page mega-menu-item-has-children mega-align-bottom-left mega-menu-flyout mega-disable-link mega-menu-item-555' id='mega-menu-item-555'><a class=\"mega-menu-link\" tabindex=\"0\" aria-haspopup=\"true\" aria-expanded=\"false\" role=\"button\">Sagradas Im\u00e1genes<span class=\"mega-indicator\"><\/span><\/a>\n<ul class=\"mega-sub-menu\">\n<li class='mega-menu-item mega-menu-item-type-post_type mega-menu-item-object-page mega-menu-item-677' id='mega-menu-item-677'><a class=\"mega-menu-link\" href=\"https:\/\/www.elcerro.com\/?page_id=676\">Stmo. Cristo de la Vera Cruz<\/a><\/li><li class='mega-menu-item mega-menu-item-type-post_type mega-menu-item-object-page mega-menu-item-680' id='mega-menu-item-680'><a class=\"mega-menu-link\" href=\"https:\/\/www.elcerro.com\/?page_id=679\">Stma. Inmaculada Concepci\u00f3n<\/a><\/li><li class='mega-menu-item mega-menu-item-type-post_type mega-menu-item-object-page mega-menu-item-684' id='mega-menu-item-684'><a class=\"mega-menu-link\" href=\"https:\/\/www.elcerro.com\/?page_id=683\">San Juan Bautista<\/a><\/li><li class='mega-menu-item mega-menu-item-type-post_type mega-menu-item-object-page mega-menu-item-689' id='mega-menu-item-689'><a class=\"mega-menu-link\" href=\"https:\/\/www.elcerro.com\/?page_id=688\">Otras Im\u00e1genes<\/a><\/li><\/ul>\n<\/li><li class='mega-menu-item mega-menu-item-type-post_type mega-menu-item-object-page mega-menu-item-has-children mega-align-bottom-left mega-menu-flyout mega-menu-item-4492' id='mega-menu-item-4492'><a class=\"mega-menu-link\" href=\"https:\/\/www.elcerro.com\/?page_id=4487\" aria-haspopup=\"true\" aria-expanded=\"false\" tabindex=\"0\">Cofrad\u00eda<span class=\"mega-indicator\"><\/span><\/a>\n<ul class=\"mega-sub-menu\">\n<li class='mega-menu-item mega-menu-item-type-post_type mega-menu-item-object-page mega-menu-item-699' id='mega-menu-item-699'><a class=\"mega-menu-link\" href=\"https:\/\/www.elcerro.com\/?page_id=698\">Horario e Itinerario<\/a><\/li><li class='mega-menu-item mega-menu-item-type-post_type mega-menu-item-object-page mega-menu-item-696' id='mega-menu-item-696'><a class=\"mega-menu-link\" href=\"https:\/\/www.elcerro.com\/?page_id=695\">Estaci\u00f3n de Penitencia<\/a><\/li><li class='mega-menu-item mega-menu-item-type-post_type mega-menu-item-object-page mega-menu-item-702' id='mega-menu-item-702'><a class=\"mega-menu-link\" href=\"https:\/\/www.elcerro.com\/?page_id=701\">Cortejo<\/a><\/li><li class='mega-menu-item mega-menu-item-type-post_type mega-menu-item-object-page mega-menu-item-706' id='mega-menu-item-706'><a class=\"mega-menu-link\" href=\"https:\/\/www.elcerro.com\/?page_id=705\">Cuadrillas de Hermanos Costaleros<\/a><\/li><\/ul>\n<\/li><li class='mega-menu-item mega-menu-item-type-post_type mega-menu-item-object-page mega-menu-item-has-children mega-align-bottom-left mega-menu-flyout mega-disable-link mega-menu-item-553' id='mega-menu-item-553'><a class=\"mega-menu-link\" tabindex=\"0\" aria-haspopup=\"true\" aria-expanded=\"false\" role=\"button\">Patrimonio<span class=\"mega-indicator\"><\/span><\/a>\n<ul class=\"mega-sub-menu\">\n<li class='mega-menu-item mega-menu-item-type-post_type mega-menu-item-object-page mega-menu-item-709' id='mega-menu-item-709'><a class=\"mega-menu-link\" href=\"https:\/\/www.elcerro.com\/?page_id=708\">Ermita de San Juan Bautista<\/a><\/li><li class='mega-menu-item mega-menu-item-type-post_type mega-menu-item-object-page mega-menu-item-has-children mega-menu-item-3019' id='mega-menu-item-3019'><a class=\"mega-menu-link\" href=\"https:\/\/www.elcerro.com\/?page_id=3016\" aria-haspopup=\"true\" aria-expanded=\"false\">Otros bienes<span class=\"mega-indicator\"><\/span><\/a>\n\t<ul class=\"mega-sub-menu\">\n<li class='mega-menu-item mega-menu-item-type-post_type mega-menu-item-object-page mega-menu-item-2989' id='mega-menu-item-2989'><a class=\"mega-menu-link\" href=\"https:\/\/www.elcerro.com\/?page_id=2987\">Retablos<\/a><\/li><li class='mega-menu-item mega-menu-item-type-post_type mega-menu-item-object-page mega-menu-item-3035' id='mega-menu-item-3035'><a class=\"mega-menu-link\" href=\"https:\/\/www.elcerro.com\/?page_id=3033\">Otros muebles<\/a><\/li>\t<\/ul>\n<\/li><li class='mega-menu-item mega-menu-item-type-post_type mega-menu-item-object-page mega-menu-item-712' id='mega-menu-item-712'><a class=\"mega-menu-link\" href=\"https:\/\/www.elcerro.com\/?page_id=711\">Paso del Stmo. Cristo<\/a><\/li><li class='mega-menu-item mega-menu-item-type-post_type mega-menu-item-object-page mega-menu-item-715' id='mega-menu-item-715'><a class=\"mega-menu-link\" href=\"https:\/\/www.elcerro.com\/?page_id=714\">Paso de la Stma. Virgen<\/a><\/li><li class='mega-menu-item mega-menu-item-type-post_type mega-menu-item-object-page mega-menu-item-has-children mega-menu-item-724' id='mega-menu-item-724'><a class=\"mega-menu-link\" href=\"https:\/\/www.elcerro.com\/?page_id=723\" aria-haspopup=\"true\" aria-expanded=\"false\">Patrimonio Musical<span class=\"mega-indicator\"><\/span><\/a>\n\t<ul class=\"mega-sub-menu\">\n<li class='mega-menu-item mega-menu-item-type-post_type mega-menu-item-object-page mega-menu-item-1833' id='mega-menu-item-1833'><a class=\"mega-menu-link\" href=\"https:\/\/www.elcerro.com\/?page_id=1830\">Himno de la Hermandad<\/a><\/li>\t<\/ul>\n<\/li><\/ul>\n<\/li><li class='mega-menu-item mega-menu-item-type-post_type mega-menu-item-object-page mega-menu-item-has-children mega-align-bottom-left mega-menu-flyout mega-disable-link mega-menu-item-552' id='mega-menu-item-552'><a class=\"mega-menu-link\" tabindex=\"0\" aria-haspopup=\"true\" aria-expanded=\"false\" role=\"button\">Hemeroteca<span class=\"mega-indicator\"><\/span><\/a>\n<ul class=\"mega-sub-menu\">\n<li class='mega-menu-item mega-menu-item-type-post_type mega-menu-item-object-page mega-menu-item-727' id='mega-menu-item-727'><a class=\"mega-menu-link\" href=\"https:\/\/www.elcerro.com\/?page_id=726\">Revistas Digitales<\/a><\/li><li class='mega-menu-item mega-menu-item-type-post_type mega-menu-item-object-page mega-menu-item-733' id='mega-menu-item-733'><a class=\"mega-menu-link\" href=\"https:\/\/www.elcerro.com\/?page_id=732\">Carteles<\/a><\/li><li class='mega-menu-item mega-menu-item-type-post_type mega-menu-item-object-page mega-menu-item-737' id='mega-menu-item-737'><a class=\"mega-menu-link\" href=\"https:\/\/www.elcerro.com\/?page_id=736\">Preg\u00f3n de la Vera Cruz<\/a><\/li><\/ul>\n<\/li><li class='mega-menu-item mega-menu-item-type-post_type mega-menu-item-object-page mega-align-bottom-left mega-menu-flyout mega-menu-item-551' id='mega-menu-item-551'><a class=\"mega-menu-link\" href=\"https:\/\/www.elcerro.com\/?page_id=546\" tabindex=\"0\">Enlaces de Inter\u00e9s<\/a><\/li><li class='mega-menu-item mega-menu-item-type-post_type mega-menu-item-object-page mega-menu-item-has-children mega-align-bottom-left mega-menu-flyout mega-menu-item-550' id='mega-menu-item-550'><a class=\"mega-menu-link\" href=\"https:\/\/www.elcerro.com\/?page_id=548\" aria-haspopup=\"true\" aria-expanded=\"false\" tabindex=\"0\">Galer\u00eda<span class=\"mega-indicator\"><\/span><\/a>\n<ul class=\"mega-sub-menu\">\n<li class='mega-menu-item mega-menu-item-type-post_type mega-menu-item-object-page mega-menu-item-3158' id='mega-menu-item-3158'><a class=\"mega-menu-link\" href=\"https:\/\/www.elcerro.com\/?page_id=3156\">Fotos<\/a><\/li><\/ul>\n<\/li><li class='mega-menu-item mega-menu-item-type-post_type mega-menu-item-object-page mega-menu-item-has-children mega-align-bottom-left mega-menu-flyout mega-menu-item-4147' id='mega-menu-item-4147'><a class=\"mega-menu-link\" href=\"https:\/\/www.elcerro.com\/?page_id=4130\" aria-haspopup=\"true\" aria-expanded=\"false\" tabindex=\"0\">Histor\u00edco Noticias<span class=\"mega-indicator\"><\/span><\/a>\n<ul class=\"mega-sub-menu\">\n<li class='mega-menu-item mega-menu-item-type-post_type mega-menu-item-object-page mega-menu-item-4354' id='mega-menu-item-4354'><a class=\"mega-menu-link\" href=\"https:\/\/www.elcerro.com\/?page_id=4317\">Noticias Anteriores<\/a><\/li><li class='mega-menu-item mega-menu-item-type-post_type mega-menu-item-object-page mega-menu-item-4353' id='mega-menu-item-4353'><a class=\"mega-menu-link\" href=\"https:\/\/www.elcerro.com\/?page_id=4342\">Hermanos Difuntos<\/a><\/li><\/ul>\n<\/li><\/ul><\/div>\t\t<\/div>\n\t\t\t\t<\/div>\n\t\t\t\t\t\t<\/div>\n\t\t\t\t\t<\/div>\n\t\t<\/div>\n\t\t\t\t\t\t\t\t<\/div>\n\t\t\t\t\t<\/div>\n\t\t<\/section>\n\t\t\t\t<section class=\"elementor-section elementor-top-section elementor-element elementor-element-3320c58 elementor-section-boxed elementor-section-height-default elementor-section-height-default\" data-id=\"3320c58\" data-element_type=\"section\">\n\t\t\t\t\t\t<div class=\"elementor-container elementor-column-gap-default\">\n\t\t\t\t\t\t\t<div class=\"elementor-row\">\n\t\t\t\t\t<div class=\"elementor-column elementor-col-50 elementor-top-column elementor-element elementor-element-2b109b6\" data-id=\"2b109b6\" data-element_type=\"column\">\n\t\t\t<div class=\"elementor-column-wrap elementor-element-populated\">\n\t\t\t\t\t\t\t<div class=\"elementor-widget-wrap\">\n\t\t\t\t\t\t<div class=\"elementor-element elementor-element-7f53daa elementor-widget elementor-widget-image\" data-id=\"7f53daa\" data-element_type=\"widget\" data-widget_type=\"image.default\">\n\t\t\t\t<div class=\"elementor-widget-container\">\n\t\t\t\t\t\t\t\t<div class=\"elementor-image\">\n\t\t\t\t\t\t\t\t\t\t\t\t<img width=\"512\" height=\"640\" src=\"https:\/\/i1.wp.com\/www.elcerro.com\/wp-content\/uploads\/2025\/02\/cristo-crucificado.jpg?fit=512%2C640&amp;ssl=1\" class=\"attachment-large size-large\" alt=\"\" loading=\"lazy\" srcset=\"https:\/\/i1.wp.com\/www.elcerro.com\/wp-content\/uploads\/2025\/02\/cristo-crucificado.jpg?w=512&amp;ssl=1 512w, https:\/\/i1.wp.com\/www.elcerro.com\/wp-content\/uploads\/2025\/02\/cristo-crucificado.jpg?resize=240%2C300&amp;ssl=1 240w\" sizes=\"(max-width: 512px) 100vw, 512px\" \/>\t\t\t\t\t\t\t\t\t\t\t\t\t\t<\/div>\n\t\t\t\t\t\t<\/div>\n\t\t\t\t<\/div>\n\t\t\t\t\t\t<\/div>\n\t\t\t\t\t<\/div>\n\t\t<\/div>\n\t\t\t\t<div class=\"elementor-column elementor-col-50 elementor-top-column elementor-element elementor-element-00b8dc3\" data-id=\"00b8dc3\" data-element_type=\"column\">\n\t\t\t<div class=\"elementor-column-wrap elementor-element-populated\">\n\t\t\t\t\t\t\t<div class=\"elementor-widget-wrap\">\n\t\t\t\t\t\t<div class=\"elementor-element elementor-element-6fedd1c elementor-widget elementor-widget-text-editor\" data-id=\"6fedd1c\" data-element_type=\"widget\" data-widget_type=\"text-editor.default\">\n\t\t\t\t<div class=\"elementor-widget-container\">\n\t\t\t\t\t\t\t\t<div class=\"elementor-text-editor elementor-clearfix\">\n\t\t\t\t<div class=\"xdj266r x11i5rnm xat24cr x1mh8g0r x1vvkbs x126k92a\"><div dir=\"auto\">\ud835\udc73\ud835\udc68 \ud835\udc70\ud835\udc74\ud835\udc68\ud835\udc6e\ud835\udc6c\ud835\udc75 \ud835\udc6b\ud835\udc6c\ud835\udc73 \ud835\udc6a\ud835\udc79\ud835\udc7c\ud835\udc6a\ud835\udc70\ud835\udc6d\ud835\udc70\ud835\udc6a\ud835\udc68\ud835\udc6b\ud835\udc76. \ud835\udc73\ud835\udc68 \ud835\udc7d\ud835\udc6c\ud835\udc79\ud835\udc68 \ud835\udc6a\ud835\udc79\ud835\udc7c\ud835\udc81 \ud835\udc6c\ud835\udc75 \ud835\udc7a\ud835\udc6c\ud835\udc7d\ud835\udc70\ud835\udc73\ud835\udc73\ud835\udc68<\/div><\/div><div class=\"x11i5rnm xat24cr x1mh8g0r x1vvkbs xtlvy1s x126k92a\"><div dir=\"auto\">Las tem\u00e1ticas sujetas a estudio durante estas charlas versar\u00e1n sobre dos asuntos estrechamente relacionados: la extensi\u00f3n de la devoci\u00f3n a la Vera Cruz en el Reino de Sevilla durante el salto del siglo XV al XVI y el enorme desarrollo que, durante estos siglos y posteriores, experimenta la imaginer\u00eda del Cristo Crucificado.<\/div><div dir=\"auto\">Las charlas se llevar\u00e1n a cabo el martes 25 de febrero, en la Catedral de Sevilla, siendo \u00e9ste el \u00fanico de todos los actos del \u201c525 Aniversario\u201d que se celebre fuera de Coria del R\u00edo, con la intenci\u00f3n de abrir y comunicar nuestra conmemoraci\u00f3n a un p\u00fablico m\u00e1s amplio; y el mi\u00e9rcoles 26 de febrero en la Ermita de San Juan Bautista de Coria del R\u00edo. Durante estos dos d\u00edas, y tomando como centro a nuestro Cristo de la Vera Cruz, se revisar\u00e1n diversas cuestiones de car\u00e1cter tanto art\u00edstico como devocional vinculadas a la imaginer\u00eda y el culto de los Crucificados en el entorno de la ciudad de Sevilla.<\/div><\/div><div class=\"x11i5rnm xat24cr x1mh8g0r x1vvkbs xtlvy1s x126k92a\"><div dir=\"auto\">Reyes Pro, bibliotecaria y archivera de la Junta de Andaluc\u00eda, investigadora de la Historia del arte y muy vinculada a las Hermandades de Sevilla, hablar\u00e1 sobre las investigaciones referentes a la Vera-Cruz y los crucificados, dibujando un marco sobre la creciente demanda de publicaciones relacionadas con este tema.<\/div><\/div><div class=\"x11i5rnm xat24cr x1mh8g0r x1vvkbs xtlvy1s x126k92a\"><div dir=\"auto\">Antonio Rodr\u00edguez Bab\u00edo, sacerdote, arquitecto y Delegado Diocesano de Patrimonio Art\u00edstico de la Archidi\u00f3cesis de Sevilla.<\/div><\/div><div class=\"x11i5rnm xat24cr x1mh8g0r x1vvkbs xtlvy1s x126k92a\"><div dir=\"auto\">Fernando Gabard\u00f3n, profesor en la Facultad de Humanidades de CEU Andaluc\u00eda y uno de los especialistas en Vera Cruz.<\/div><\/div><div class=\"x11i5rnm xat24cr x1mh8g0r x1vvkbs xtlvy1s x126k92a\"><div dir=\"auto\">Andr\u00e9s Luque, catedr\u00e1tico de Historia del Arte de la Universidad de Sevilla y Alcaide del Real Alc\u00e1zar de Sevilla.<\/div><\/div><div class=\"x11i5rnm xat24cr x1mh8g0r x1vvkbs xtlvy1s x126k92a\"><div dir=\"auto\">Fernando Quiles, profesor de H.\u00aa del Arte de la Univ. Pablo de Olavide de Sevilla y director de la editorial EnredArs-UPO.<\/div><\/div><div class=\"x11i5rnm xat24cr x1mh8g0r x1vvkbs xtlvy1s x126k92a\"><div dir=\"auto\">\u00ab\ud835\udc6b\ud835\udc86 \ud835\udc8d\ud835\udc82 \ud835\udc84\ud835\udc93\ud835\udc96\ud835\udc9b \ud835\udc82 \ud835\udc8d\ud835\udc82 \ud835\udc8d\ud835\udc96\ud835\udc9b#<\/div><\/div>\t\t\t\t\t<\/div>\n\t\t\t\t\t\t<\/div>\n\t\t\t\t<\/div>\n\t\t\t\t\t\t<\/div>\n\t\t\t\t\t<\/div>\n\t\t<\/div>\n\t\t\t\t\t\t\t\t<\/div>\n\t\t\t\t\t<\/div>\n\t\t<\/section>\n\t\t\t\t\t\t<\/div>\n\t\t\t\t\t\t<\/div>\n\t\t\t\t\t<\/div>\n\t\t","protected":false},"excerpt":{"rendered":"","protected":false},"author":2,"featured_media":0,"parent":0,"menu_order":0,"comment_status":"closed","ping_status":"closed","template":"","meta":{"spay_email":""},"_links":{"self":[{"href":"https:\/\/www.elcerro.com\/index.php?rest_route=\/wp\/v2\/pages\/6988"}],"collection":[{"href":"https:\/\/www.elcerro.com\/index.php?rest_route=\/wp\/v2\/pages"}],"about":[{"href":"https:\/\/www.elcerro.com\/index.php?rest_route=\/wp\/v2\/types\/page"}],"author":[{"embeddable":true,"href":"https:\/\/www.elcerro.com\/index.php?rest_route=\/wp\/v2\/users\/2"}],"replies":[{"embeddable":true,"href":"https:\/\/www.elcerro.com\/index.php?rest_route=%2Fwp%2Fv2%2Fcomments&post=6988"}],"version-history":[{"count":5,"href":"https:\/\/www.elcerro.com\/index.php?rest_route=\/wp\/v2\/pages\/6988\/revisions"}],"predecessor-version":[{"id":6994,"href":"https:\/\/www.elcerro.com\/index.php?rest_route=\/wp\/v2\/pages\/6988\/revisions\/6994"}],"wp:attachment":[{"href":"https:\/\/www.elcerro.com\/index.php?rest_route=%2Fwp%2Fv2%2Fmedia&parent=6988"}],"curies":[{"name":"wp","href":"https:\/\/api.w.org\/{rel}","templated":true}]}}